a composite number?
False
Let m = 4167 + -2660. Is m prime?
False
Suppose 5*f + 20 = 5*h, 2*h + f - 6*f - 2 = 0. Is -669*(-1 - (-4)/h) a composite number?
False
Suppose -x = -3 - 2. Suppose -1320 = 2*z - x*z. Let o = z - 309. Is o a composite number?
False
Let c(y) = 2*y + 7. Let k be c(-5). Suppose -5*a - 9 = -m, -2*a = -4*m + 2*m - 6. Is (290/4)/(k/m) composite?
True
Let o(d) = d**2 + 4*d - 1. Let u be o(-3). Suppose v - 32 = -5*w, -1 = v + 2. Let f = u + w. Is f a prime number?
True
Let n be (-2)/8 + (-427)/(-28). Suppose 2*j + 5*d + n = -2*j, j = -4*d - 12. Let o(q) = q**3 - q + 13. Is o(j) composite?
False
Let s be 1/(-1 - (-8)/6). Suppose 0 = 2*k + s*k - 805. Is k prime?
False
Let v(p) = -5*p**3 + 4*p**2 - 3*p. Let r be v(2). Let s be (1/(-4))/((-1)/(-4)). Is (s + r)*3/(-3) composite?
False
Let p = 338 - -2103. Is p prime?
True
Suppose -8*x + 20880 + 5288 = 0. Is x a composite number?
False
Let k(b) = 78*b**3 + 2*b**2 - b. Suppose -5*v = d + 19, 4*d + d - 4*v - 21 = 0. Let l be k(d). Let m = l - 36. Is m composite?
False
Suppose 5*v = 10*v - 5215. Is v a composite number?
True
Let i(h) = -4*h - 1. Let p(k) = k**2 + 14*k + 8. Let w be p(-13). Is i(w) a prime number?
True
Let p(b) be the first derivative of b**4/4 + 5*b**3/3 - b**2 - 3*b - 2. Is p(4) composite?
True
Suppose 5*d = d + 316. Is d prime?
True
Suppose 3*y + 3 = -12, 4*v - 3*y = 71. Let b = 39 + v. Is b composite?
False
Let p(b) = b**2 - b - 1. Let m(x) = x**3 - 8*x**2 + 7*x + 4. Let u(k) = m(k) + 3*p(k). Let l be u(3). Let v(r) = 2*r**2 + 6*r - 1. Is v(l) composite?
False
Suppose 2*s = -0*s + 4. Is 2 + 257 - (0 + s) composite?
False
Let o(l) = 282*l + 2. Let j be o(2). Suppose 223 + j = 3*x. Is x a composite number?
False
Let m(u) = -u + 1. Let w(o) = -7*o - 9. Let x(i) = 6*m(i) - w(i). Is x(-5) composite?
True
Let n = 2 + -3. Let q be n/5 - 26/(-5). Suppose q*w = 5*d + 2*w - 304, -168 = -3*d - 3*w. Is d a prime number?
True
Let c(z) = -18*z - 4. Let b(j) = 18*j + 3. Let f(p) = -3*b(p) - 2*c(p). Is f(-3) prime?
True
Let v be ((-2)/2)/(2/(-128)). Suppose -j - 21 = -3*t, -2*j + 5*t + v = -4*j. Let w = j - -40. Is w a prime number?
True
Let s = -2 - -1. Is -1*(-2 - -51)/s a composite number?
True
Let g be 8*(2 - -6)/2. Suppose -2*l = h - 4*l + 3, 4*h + 3*l - g = 0. Suppose h*q + 4*n = -0*q + 183, -4 = -2*n. Is q a prime number?
False
Let r(v) = 38*v**3 - v + 1. Is r(2) a prime number?
False
Let b(m) = -m**3 + 7*m**2 - 8. Let p be b(7). Let i = -6 - p. Is i a composite number?
False
Suppose -3*j - 28 = -0*t + t, 28 = -2*j - 3*t. Let l = 11 + j. Is l prime?
True
Suppose 0 = 2*h - 4*o - 8, -5*h - 23 = o + 12. Let u be ((-111)/h*2)/1. Is u + 0 - (0 + 0) prime?
True
Suppose 17*j - 15*j - 19222 = 0. Is j a composite number?
True
Let r(v) = -5*v + 5. Let n be r(4). Let u be 6/n*-1*5. Suppose -4*m + 3*g = -193, -g + 99 = u*m - 0*g. Is m a prime number?
False
Let c = 5003 + -2458. Is c a composite number?
True
Suppose 2*q + 3*q = 2*r - 370, q - 370 = -2*r. Suppose -2*l - 2 + r = m, m + 173 = 2*l. Is l a prime number?
True
Let h = 8 - 3. Let j = h - -8. Is j composite?
False
Is 1/(-1) + 8988/6 a prime number?
False
Is (-5 + -1056)*1*-1 a prime number?
True
Let u(g) be the third derivative of 11*g**4/12 + 4*g**3/3 - g**2. Let s be u(6). Let j = s + -71. Is j a composite number?
True
Suppose 8 + 0 = 5*v - g, -g - 2 = -2*v. Let r = 49 + v. Is r prime?
False
Let y be 6/(-9) - 654/(-9). Let k = y + -41. Is k a prime number?
True
Suppose 3*c - 13 = -w - 2*c, -w + 5*c = 17. Let z(r) = -71*r. Is z(w) composite?
True
Let l(p) = p**2 + p - 8. Let i(j) = j**2 - 5*j - 6. Let b be i(5). Let n be l(b). Suppose -g = g - n. Is g a composite number?
False
Suppose i + 2*i = 0. Let k be 48/4 - (-1 - -3). Suppose 0 = w + 3, i*q = q + 5*w - k. Is q composite?
True
Let c be (1 + 39/2)*178. Suppose -c = -4*m - 909. Is m composite?
True
Suppose 2*t + 29 - 217 = 0. Is t prime?
False
Suppose -7*y + 4*y = -489. Is y prime?
True
Suppose -3*t + 3 = -4*t. Let m = 15 + t. Suppose q - 2*n - 15 = m, 2*q = 3*n + 50. Is q composite?
False
Let d(n) = 82*n**3 + 2*n**2 - n. Let f(t) be the first derivative of t**3/3 - 4*t**2 + 8*t + 1. Let c be f(7). Is d(c) a prime number?
True
Let u be 2/(-2) - 936/(-3). Suppose -j - u + 33 = -3*w, 0 = -4*w - 4*j + 344. Is w composite?
True
Suppose -5*t + 5348 = -t. Is t composite?
True
Suppose -4*o + 4*a - 588 = 0, 0 = -3*o + 4*a - 218 - 219. Let j = -24 - o. Is j a composite number?
False
Suppose -4*p = -2*r - 0 - 4, r + 6 = 4*p. Suppose -3*m - 5*n = -2*n - 279, 0 = p*n. Suppose 5*y - m = 97. Is y composite?
True
Let v(b) = -b + 15*b**2 - 7*b**3 + 2*b - 12*b**2 - 1. Is v(-2) prime?
False
Let w = 7 + -2. Suppose 3*h - y = 20, 0 = -h - 2*h - w*y + 44. Suppose 4*t - 16 - h = 0. Is t prime?
False
Let k(l) = l**3 - 2. Let i be k(-2). Let n(c) = c**2 + c + 7. Is n(i) a composite number?
False
Let h(n) = -57*n**3 + 2*n + 1. Let o be h(-2). Suppose 5*s - 581 = 4*l, 4*s - o - 19 = 5*l. Is s a composite number?
False
Suppose -4*j - 3*j + 2639 = 0. Is j a prime number?
False
Suppose -15 = -0*r - 3*r. Let l(j) = 2*j**3 + j**2 - 7*j - 2. Let q be l(r). Is 4/(-12) - q/(-3) a composite number?
False
Suppose 3*z - m = 116, 0 = -0*z + 2*z + 2*m - 80. Let d(h) = 11*h + z*h**2 - 11*h. Is d(-1) prime?
False
Suppose 6*a - 655 = a. Is a a prime number?
True
Let j be 3 + (0 - (-2 - -2)). Suppose -82 = -4*n - 3*i, 4*n = j*n - 4*i + 14. Is n a prime number?
False
Let l(g) = g**3 + 15*g**2 + g + 6. Is l(-13) a composite number?
False
Let m(i) = -1. Let w(l) = -59*l + 649. Let x(n) = 1298*m(n) + 2*w(n). Let d be x(1). Let r = 281 + d. Is r composite?
False
Suppose -3340 = -6*m + 2*m. Is m a prime number?
False
Suppose 0 = 2*p + 6*p - 17288. Is p prime?
True
Suppose 8 = -o - 2*l - 48, o + 3*l = -58. Let w = 219 + o. Is w composite?
False
Let g(p) = -3*p - 6. Let b = 14 + -21. Is g(b) a composite number?
True
Suppose 0 = a - v - 3, 0 = -v + 3 - 2. Suppose -2*n - a*k = -122, -5*n - k = -2*n - 163. Is n a composite number?
False
Suppose s = 4*z - 2*z - 2, -6 = 3*z + 3*s. Suppose z = d, -a = -d + 4*d - 111. Let j = a - 58. Is j composite?
False
Let c be (-1 - (1 + -2)) + 0. Suppose v + v - x = 278, -5*v + x + 695 = c. Suppose -3*d = -5*d - 3*g + v, -4*d - 2*g = -258. Is d composite?
True
Is -2*-23*(-1)/(-2) a prime number?
True
Let p be (18/5)/((-9)/(-30)). Let j(v) = v**3 + 9*v**2 - 3*v - 2. Let w be j(-9). Let i = w + p. Is i composite?
False
Let n(w) = 30*w + 7. Is n(4) a composite number?
False
Suppose 13 = 3*u - u - f, -2*u - 4*f + 18 = 0. Is u composite?
False
Is ((-5045)/10)/((-20)/8 - -2) a prime number?
True
Let w(c) = -c + 88. Is w(-15) prime?
True
Let i(k) be the third derivative of 0*k + 0 + 11/24*k**4 + 5/6*k**3 + 2*k**2. Is i(4) a prime number?
False
Let i = 234 + -113. Is i composite?
True
Suppose 94 = -4*m - 3*l, -5*m - 3*l - l = 118. Let b = m - -81. Is b prime?
True
Let y(f) = -f**3 + 4*f**2 + 4*f + 4. Suppose 5*m = 2*v + 12, 3*m - 14 - 14 = -4*v. Let k be y(v). Let u = k + 13. Is u prime?
False
Let h(b) be the second derivative of b**5/20 + b**4/12 - 5*b**3/3 - 5*b**2/2 - 3*b. Is h(7) composite?
False
Suppose 0 = o - 1 - 1. Suppose -4*c + 252 = o*b, -4*c - b = 4*b - 240. Is c a prime number?
False
Is -1 + -1 + 2856/14 a composite number?
True
Suppose -4*w = p - 53, 5*p - 181 = w - 0. Is p composite?
False
Let h(r) = -r**3 + 13*r**2 + 11*r + 9. Let v be h(10). Let a(y) = -128*y - 2. Let m be a(2). Let i = v + m. Is i prime?
False
Suppose 0*i - 5*h + 12 = 2*i, 3*i + h - 18 = 0. Let k(o) = -o**2 + 8*o - 7. Let q be k(i). Suppose -q*t = -5*g + 100, 5*g - 2*t = 16 + 81. Is g a prime number?
True
Let f be 25 - -1 - (2 - 0). Suppose 0 = 3*g - 0*g + 33. Let i = g + f. Is i a prime number?
True
Suppose o - m = 118 + 64, -4*m - 197 = -o. Let v(g) = 2*g**2 + 2*g - 2. Let k be v(-2). Suppose k*w - o = -w. Is w composite?
False
Let t be (0 - -3) + -1 - -3. Suppose i + 36 = 4*k + 1, t*i + 5*k + 300 = 0. Let a = i + 106. Is a composite?
True
Suppose -2 = -3*v + 4*p - 10, -2*v + 3*p = 6. Suppose f + s - 90 = v, 0*s + s + 385 = 4*f. Is f a prime number?
False
Suppose 430 = 4*m - 1010. Suppose 0 = -3*c - o + 6*o + m, 5*o + 610 = 5*c. Suppose 0 = -4*i + 20, 5*r + 4*i - 290 - c = 0. Is r composite?
False
Let b(y) = y 